13?
-aba63
113978 (base 12) to base 10
276140
124801 (base 12) to base 9
504251
What is -5d7cb (base 15) in base 4?
-1020330032
Convert -739920 (base 10) to base 3.
-1101120222110
What is -1443224231 (base 5) in base 3?
-21022021120021
-78994a (base 14) to base 2
-1111101000101000111110
What is 1334404 (base 6) in base 9?
123644
-93053 (base 13) to base 11
-170145
-204420 (base 6) to base 15
-4d9c
-10010011110001100011110 (base 2) to base 5
-2214423040
What is -1220201011120 (base 3) in base 9?
-1821146
554504 (base 7) to base 3
11221222002
What is -130018 (base 9) in base 2?
-10011001110011101
What is 2b575 (base 13) in base 14?
21d78
5b491b (base 15) to base 8
20525625
What is 945172 (base 10) in base 2?
11100110110000010100
What is -351426 (base 7) in base 9?
-105353
What is -1222200120 (base 3) in base 12?
-1a796
-22636460 (base 9) to base 16
-a7f63d
Convert 2558660 (base 12) to base 4.
123332222220
What is 1120030232 (base 4) in base 12?
155092
What is 1567244 (base 8) in base 10?
454308
Convert -10122111132 (base 4) to base 12.
-4792a6
20010000100012 (base 3) to base 6
153340435
-570585 (base 10) to base 14
-10bd21
What is 21344214 (base 5) in base 11?
116524
What is -303014124 (base 5) in base 16?
-129d4a
2b320a (base 12) to base 11
45a436
Convert -1585c85 (base 15) to base 12.
-528aa08
Convert 5862757 (base 9) to base 15.
42987a
6433a (base 11) to base 4
112312020
Convert 2405347 (base 8) to base 13.
1a0750
What is -386750 (base 10) in base 13?
-107060
Convert 100021210112102 (base 3) to base 16.
4b5300
What is 1100010001010100 (base 2) in base 11?
34841
What is 322243 (base 8) in base 7?
625642
-3406601 (base 7) to base 9
-713535
What is 1113103123 (base 4) in base 15?
70e4a
Convert 10210111100002 (base 3) to base 7.
23101412
What is -20111120110202 (base 3) in base 10?
-3455804
Convert -19757 (base 16) to base 5.
-11314104
Convert -1bae43 (base 16) to base 2.
-110111010111001000011
What is -1010010111110100001 (base 2) in base 10?
-339873
What is -553316 (base 13) in base 2?
-111101001110101110011
What is 5443060 (base 8) in base 6?
51142052
What is 21426 (base 10) in base 16?
53b2
Convert 140b22 (base 13) to base 9.
822552
Convert -3005a (base 12) to base 14.
-189a6
Convert 2122311204 (base 5) to base 15.
5dbabe
Convert 51a69 (base 11) to base 3.
10212000012
612cb (base 13) to base 2
101010011111110100
What is 151142053 (base 6) in base 13?
85bc27
-7b16b3 (base 15) to base 14
-acdc9b
Convert -664426 (base 8) to base 3.
-102100121011
4b935 (base 15) to base 8
730044
-8c623 (base 13) to base 14
-69383
Convert 305155 (base 6) to base 10.
24479
Convert -46971 (base 11) to base 15.
-150e7
What is -741223 (base 9) in base 11?
-280a54
Convert 263622 (base 9) to base 3.
22010200202
What is -4633815 (base 9) in base 2?
-1001100010111110111110
-94e4b (base 16) to base 4
-2110321023
-38b27 (base 16) to base 14
-608bd
Convert -1214233202 (base 5) to base 3.
-12102111111020
27735647 (base 9) to base 14
1b73265
-375070 (base 10) to base 13
-101947
-21322d (base 14) to base 16
-1121a9
Convert 61f835 (base 16) to base 12.
2197705
What is -96bd3 (base 14) in base 6?
-11451421
3c1a9 (base 13) to base 6
2224055
-221500 (base 8) to base 14
-1d25a
151bbd (base 15) to base 12
411514
What is 3b98b8 (base 12) in base 15?
148b5b
206b9 (base 15) to base 2
11001000101110110
-105154 (base 9) to base 14
-18c76
What is 573c0 (base 13) in base 11?
a9387
What is 1000202221210 (base 3) in base 5?
114443332
What is 33131022 (base 4) in base 8?
173512
What is -713bed (base 15) in base 5?
-2334112243
Convert -111121221 (base 3) to base 7.
-40651
711552 (base 8) to base 14
61590
21045454 (base 6) to base 4
2111221222
What is 20101101011221 (base 3) in base 2?
1100111100010110000011
What is 22120010102110 (base 3) in base 15?
5ecde9
-66024610 (base 7) to base 15
-76a237
-81501 (base 11) to base 2
-11101000100011001
What is -22121122000 (base 3) in base 8?
-513163
638559 (base 10) to base 11
3a6839
661783 (base 10) to base 14
133263
Convert 202002200212 (base 3) to base 6.
12251335
What is -10011121202 (base 3) in base 16?
-f3d1
-489b26 (base 15) to base 14
-66677c
-263a6 (base 11) to base 16
-9373
Convert 26260 (base 13) to base 4.
101101000
Convert 24435534 (base 6) to base 13.
2153a1
-1011111100110100000 (base 2) to base 7
-3220434
4075452 (base 8) to base 4
10013230222
-114374 (base 9) to base 12
-33a04
What is 1101221011211 (base 3) in base 11?
46aa51
Convert 1808520 (base 9) to base 13.
2949b1
-20011010211 (base 3) to base 13
-43189
What is 10011001001011011100101 (base 2) in base 9?
10400242
Convert 101222200202020 (base 3) to base 5.
2443333321
38dec1 (base 15) to base 14
511039
What is 8164a8 (base 13) in base 5?
1232403101
What is 752a65 (base 13) in base 10?
2748023
What is -f11f (base 16) in base 15?
-13452
1144340021 (base 6) to base 4
301330111231
-47b73 (base 12) to base 13
-35034
-ba970 (base 15) to base 11
-375389
What is 2b6b7 (base 14) in base 5?
11431403
What is 50266 (base 13) in base 12?
6aa77
16474247 (base 8) to base 3
21012200111000
Convert 3204600 (base 7) to base 15.
7a06c
Convert -20417 (base 12) to base 15.
-c6e7
Convert 1111100 (base 7) to base 9.
228238
Convert 2303505 (base 12) to base 7.
111104405
What is 2675bb (base 12) in base 5?
130310124
Convert -340252 (base 8) to base 12.
-56576
Convert -3800144 (base 10) to base 4.
-32133301100
220011223 (base 4) to base 12
7b037
What is -2112101002000 (base 3) in base 6?
-44502300
-5045531 (base 6) to base 13
-8517a
-1010101010001101000100 (base 2) to base 5
-1203404213
Convert -17115d (base 14) to base 10.
-809759
What is -3c4574 (base 16) in base 8?
-17042564
What is 1300212322 (base 4) in base 7?
3630505
5163053 (base 11) to base 9
18125538
Convert 448670 (base 9) to base 11.
173a73
10000220200 (base 3) to base 9
100820
1011022022021 (base 3) to base 15
c28bd
Convert -10101010111011010101 (base 2) to base 4.
-2222323111
-414432211 (base 5) to base 15
-23dea6
What is -1032610 (base 8) in base 6?
-5525024
What is 26220a4 (base 11) in base 4?
101110300232
What is -1423211 (base 6) in base 5?
-10043304
Convert 5203201 (base 6) to base 3.
110200022201
-5242360 (base 8) to base 15
-1c801e
Convert -32032031 (base 4) to base 16.
-e38d
Convert -4348 (base 11) to base 6.
-42323
What is -2598 (base 10) in base 12?
-1606
2179b5 (base 12) to base 4
2001313121
-94a5b (base 15) to base 3
-212221201112
What is 343458 (base 10) in base 12?
146916
Convert -34272 (base 8) to base 9.
-21825
-50523401 (base 7) to base 16
-4034a2
Convert -1200107 (base 10) to base 2.
-100100100111111101011
-38114 (base 12) to base 5
-4414232
What is 34533253 (base 8) in base 4?
130223122223
What is 33201223302 (base 4) in base 6?
223123110
Convert 30e1e6 (base 16) to base 6.
152355142
122122001210 (base 3) to base 2
1010100101110101100
Convert -884f3 (base 16) to base 11.
-351527
Convert 11000010011100000110111 (base 2) to base 3.
102222200220011
Convert 63b (base 15) to base 14.
726
What is 249394 (base 11) in base 14?
a3395
344386 (base 10) to base 11
215819
What is 11792047 (base 10) in base 9?
24162574
Convert -11100010011011000 (base 2) to base 5.
-12202203
What is 122674 (base 10) in base 12?
5abaa
Convert 2242 (base 8) to base 5.
14221
Convert -33c29 (base 14) to base 9.
-211584
What is -86d353 (base 14) in base 4?
-101123211031
Convert -709dc (base 15) to base 6.
-11350543
What is 10023244 (base 6) in base 7?
2256610
-10101011000001110 (base 2) to base 3
-11110010012
What is -2a0382 (base 11) in base 2?
-1110010011111100101
What is 4850541 (base 10) in base 3?
100010102200200
What is -520431 (base 10) in base 15?
-a4306
What is -23556648 (base 9) in base 2?
-101011110101111101011111
What is 4d1eed (base 15) in base 10?
3702373
What is 76599 (base 12) in base 3?
21221111000
What is 21211021100222 (base 3) in base 13?
b27a56
What is -21101220122 (base 3) in base 4?
-203211020
312102201 (base 4) to base 6
4433253
-136026 (base 8) to base 2
-1011110000010110
What is -20d84 (base 14) in base 6?
-1412012
What is 138ba09 (base 12) in base 8?
16745751
What is 222001023033 (base 4) in base 10?
11014863
Convert -5649844 (base 11) to base 6.
-552033142
What is 10244554 (base 6) in base 8?
1115266
27113 (base 14) to base 10
96253
